n 7397 is divided by 2429?
110
What is the remainder when 13842 is divided by 2743?
127
What is the remainder when 1955 is divided by 975?
5
What is the remainder when 298960 is divided by 24?
16
What is the remainder when 17636 is divided by 36?
32
Calculate the remainder when 2897 is divided by 793.
518
What is the remainder when 1950653 is divided by 58?
55
What is the remainder when 358 is divided by 69?
13
Calculate the remainder when 1004501 is divided by 138.
137
What is the remainder when 15650 is divided by 43?
41
What is the remainder when 9619 is divided by 34?
31
Calculate the remainder when 111864 is divided by 37288.
0
What is the remainder when 392493 is divided by 886?
881
What is the remainder when 75858 is divided by 1649?
4
Calculate the remainder when 106797 is divided by 67.
66
What is the remainder when 39594 is divided by 63?
30
What is the remainder when 19097 is divided by 499?
135
Calculate the remainder when 136008 is divided by 938.
936
Calculate the remainder when 1724 is divided by 24.
20
Calculate the remainder when 7490 is divided by 3665.
160
What is the remainder when 7048 is divided by 25?
23
What is the remainder when 7220 is divided by 716?
60
What is the remainder when 39267 is divided by 255?
252
Calculate the remainder when 84540 is divided by 180.
120
What is the remainder when 102601 is divided by 117?
109
Calculate the remainder when 51911 is divided by 220.
211
What is the remainder when 481157 is divided by 18?
17
What is the remainder when 4901 is divided by 488?
21
What is the remainder when 496852 is divided by 91?
83
What is the remainder when 42023 is divided by 103?
102
What is the remainder when 45294 is divided by 26?
2
What is the remainder when 220918 is divided by 1052?
1050
Calculate the remainder when 1444 is divided by 280.
44
What is the remainder when 10517 is divided by 1048?
37
What is the remainder when 18538 is divided by 15?
13
What is the remainder when 2180 is divided by 554?
518
What is the remainder when 19214 is divided by 16?
14
What is the remainder when 1087 is divided by 357?
16
What is the remainder when 74852 is divided by 260?
232
Calculate the remainder when 281587 is divided by 6.
1
Calculate the remainder when 133240 is divided by 1201.
1130
What is the remainder when 20033 is divided by 409?
401
What is the remainder when 10693 is divided by 2672?
5
Calculate the remainder when 61558 is divided by 5593.
35
What is the remainder when 4833 is divided by 1210?
1203
Calculate the remainder when 463203 is divided by 11579.
43
What is the remainder when 26316 is divided by 83?
5
What is the remainder when 4605 is divided by 4542?
63
What is the remainder when 27965 is divided by 105?
35
What is the remainder when 539072 is divided by 46?
44
What is the remainder when 2340 is divided by 753?
81
What is the remainder when 31984 is divided by 186?
178
Calculate the remainder when 38223 is divided by 93.
0
Calculate the remainder when 6631 is divided by 45.
16
What is the remainder when 6033 is divided by 266?
181
Calculate the remainder when 20962 is divided by 1903.
29
What is the remainder when 27335 is divided by 63?
56
Calculate the remainder when 3562973 is divided by 412.
409
What is the remainder when 963 is divided by 485?
478
What is the remainder when 16837 is divided by 5407?
616
What is the remainder when 1434 is divided by 1173?
261
What is the remainder when 34542 is divided by 50?
42
What is the remainder when 5780 is divided by 969?
935
Calculate the remainder when 7668 is divided by 64.
52
What is the remainder when 83335 is divided by 6944?
7
What is the remainder when 55074 is divided by 27530?
14
Calculate the remainder when 762 is divided by 83.
15
What is the remainder when 4434 is divided by 14?
10
Calculate the remainder when 11975 is divided by 11818.
157
Calculate the remainder when 4876 is divided by 3.
1
Calculate the remainder when 120538 is divided by 246.
244
Calculate the remainder when 111933 is divided by 3497.
29
What is the remainder when 5590 is divided by 475?
365
Calculate the remainder when 604126 is divided by 217.
215
Calculate the remainder when 7139 is divided by 2364.
47
Calculate the remainder when 36537 is divided by 139.
119
What is the remainder when 35171 is divided by 429?
422
Calculate the remainder when 214372 is divided by 1225.
1222
Calculate the remainder when 503569 is divided by 606.
589
Calculate the remainder when 6976 is divided by 637.
606
Calculate the remainder when 114450 is divided by 72.
42
What is the remainder when 16517 is divided by 4107?
89
What is the remainder when 35491 is divided by 95?
56
What is the remainder when 9386 is divided by 9270?
116
Calculate the remainder when 36840 is divided by 197.
1
What is the remainder when 306662 is divided by 20444?
2
Calculate the remainder when 14635 is divided by 286.
49
Calculate the remainder when 136695 is divided by 1502.
13
What is the remainder when 1916459 is divided by 270?
269
What is the remainder when 6595 is divided by 5?
0
Calculate the remainder when 17326 is divided by 217.
183
Calculate the remainder when 64741 is divided by 132.
61
What is the remainder when 21265 is divided by 733?
8
What is the remainder when 1449 is divided by 15?
9
Calculate the remainder when 213628 is divided by 2704.
12
Calculate the remainder when 3717 is divided by 959.
840
Calculate the remainder when 692 is divided by 14.
6
Calculate the remainder when 2962 is divided by 230.
202
What is the remainder when 17091 is divided by 18?
9
Calculate the remainder when 172 is divided by 6.
4
What is the remainder when 49024 is divided by 647?
499
Calculate the remainder when 109966 is divided by 632.
630
Calculate the remainder when 211620 is divided by 23.
20
Calculate the remainder when 4892 is divided by 548.
508
Calculate the remainder when 209384 is divided by 235.
234
Calculate the remainder when 10608 is divided by 624.
0
Calculate the remainder when 92845 is divided by 774.
739
Calculate the remainder when 3277 is divided by 3195.
82
Calculate the remainder when 12568 is divided by 33.
28
What is the remainder when 157281 is divided by 31456?
1
What is the remainder when 1069 is divided by 172?
37
Calculate the remainder when 64755 is divided by 19.
3
Calculate the remainder when 325813 is divided by 556.
553
What is the remainder when 25838 is divided by 497?
491
What is the remainder when 3942 is divided by 38?
28
What is the remainder when 44903 is divided by 1020?
23
What is the remainder when 128134 is divided by 108?
46
Calculate the remainder when 141881 is divided by 47293.
2
Calculate the remainder when 5038 is divided by 1083.
706
What is the remainder when 24077 is divided by 465?
362
What is the remainder when 61764 is divided by 4750?
14
Calculate the remainder when 26932 is divided by 8968.
28
Calculate the remainder when 78295 is divided by 627.
547
What is the remainder when 28763 is divided by 153?
152
What is the remainder when 2178 is divided by 953?
272
Calculate the remainder when 4832 is divided by 160.
32
What is the remainder when 9787 is divided by 4855?
77
Calculate the remainder when 7949 is divided by 2618.
95
What is the remainder when 1246204 is divided by 33?
25
Calculate the remainder when 8002 is divided by 1993.
30
Calculate the remainder when 247512 is divided by 306.
264
Calculate the remainder when 2285 is divided by 263.
181
What is the remainder when 2421 is divided by 2178?
243
Calculate the remainder when 2137 is divided by 90.
67
What is the remainder when 783572 is divided by 65?
62
What is the remainder when 10768 is divided by 159?
115
Calculate the remainder when 4172 is divided by 382.
352
Calculate the remainder when 53094 is divided by 6634.
22
What is the remainder when 53154 is divided by 321?
189
Calculate the remainder when 2485 is divided by 442.
275
What is the remainder when 4897 is divided by 71?
69
Calculate the remainder when 82381 is divided by 115.
41
What is the remainder when 45323 is divided by 45310?
13
Calculate the remainder when 35886 is divided by 260.
6
Calculate the remainder when 13346 is divided by 13225.
121
What is the remainder when 386111 is divided by 83?
78
What is the remainder wh